ed by 1206?
586
Calculate the remainder when 3090585 is divided by 249.
246
What is the remainder when 4201123 is divided by 2100557?
9
What is the remainder when 5759 is divided by 1942?
1875
What is the remainder when 107773802 is divided by 9797616?
26
Calculate the remainder when 4349782 is divided by 16.
6
Calculate the remainder when 7371698 is divided by 3635.
3553
What is the remainder when 50528 is divided by 2490?
728
What is the remainder when 550227 is divided by 207?
21
Calculate the remainder when 1171677 is divided by 433.
412
Calculate the remainder when 327322 is divided by 323286.
4036
What is the remainder when 40623401 is divided by 6?
5
Calculate the remainder when 20512 is divided by 745.
397
What is the remainder when 7004292 is divided by 474?
468
Calculate the remainder when 72533560 is divided by 6044460.
40
What is the remainder when 480802 is divided by 160257?
31
Calculate the remainder when 84687 is divided by 16657.
1402
Calculate the remainder when 104132 is divided by 103673.
459
Calculate the remainder when 113845115 is divided by 154.
153
What is the remainder when 14127941 is divided by 5252?
61
What is the remainder when 38353 is divided by 301?
126
Calculate the remainder when 183797 is divided by 3406.
3279
Calculate the remainder when 3569723 is divided by 2399.
11
Calculate the remainder when 11243464 is divided by 1767.
43
What is the remainder when 2209406 is divided by 320?
126
What is the remainder when 689831 is divided by 126?
107
What is the remainder when 275886 is divided by 622?
340
What is the remainder when 5273524 is divided by 8731?
0
What is the remainder when 2287784 is divided by 847?
37
What is the remainder when 197866 is divided by 65942?
40
What is the remainder when 43942 is divided by 58?
36
What is the remainder when 3465659 is divided by 55?
54
What is the remainder when 164074 is divided by 54656?
106
What is the remainder when 131220 is divided by 464?
372
Calculate the remainder when 3272851 is divided by 28709.
25
What is the remainder when 201645 is divided by 50349?
249
Calculate the remainder when 47237247 is divided by 3149149.
12
What is the remainder when 5771258 is divided by 251?
15
What is the remainder when 118210084 is divided by 1014?
1006
What is the remainder when 438197 is divided by 770?
67
What is the remainder when 1154962 is divided by 1383?
157
What is the remainder when 4354266 is divided by 225?
66
What is the remainder when 570656 is divided by 80795?
5091
What is the remainder when 6180904 is divided by 901?
44
Calculate the remainder when 305378 is divided by 8711.
493
Calculate the remainder when 6270 is divided by 1670.
1260
Calculate the remainder when 3664677 is divided by 523524.
9
What is the remainder when 13539095 is divided by 112?
87
What is the remainder when 10442 is divided by 4355?
1732
What is the remainder when 15175005 is divided by 1071?
6
What is the remainder when 1205427 is divided by 54789?
69
What is the remainder when 4193248 is divided by 145?
138
What is the remainder when 537810 is divided by 133327?
4502
What is the remainder when 2906140 is divided by 87?
79
Calculate the remainder when 4103 is divided by 1296.
215
What is the remainder when 2483994 is divided by 620962?
146
Calculate the remainder when 29016 is divided by 592.
8
What is the remainder when 182722 is divided by 1178?
132
What is the remainder when 807043 is divided by 311?
309
What is the remainder when 355879 is divided by 24?
7
What is the remainder when 1198402 is divided by 11410?
352
Calculate the remainder when 1242082 is divided by 65372.
14
Calculate the remainder when 6594865 is divided by 1648716.
1
Calculate the remainder when 95316581 is divided by 628.
625
Calculate the remainder when 995772 is divided by 76597.
11
Calculate the remainder when 225155 is divided by 50.
5
What is the remainder when 975058159 is divided by 61?
60
What is the remainder when 36248885 is divided by 1726135?
50
What is the remainder when 58304370 is divided by 52?
46
What is the remainder when 418753 is divided by 139570?
43
What is the remainder when 12732591 is divided by 136?
135
Calculate the remainder when 378556 is divided by 126145.
121
Calculate the remainder when 555942 is divided by 10486.
184
What is the remainder when 17473907 is divided by 10?
7
Calculate the remainder when 2931481 is divided by 16561.
184
What is the remainder when 504667 is divided by 4806?
37
Calculate the remainder when 93610 is divided by 564.
550
What is the remainder when 69851781 is divided by 9483?
3
What is the remainder when 30979126 is divided by 4425589?
3
Calculate the remainder when 1930614 is divided by 643538.
0
What is the remainder when 51565 is divided by 24505?
2555
Calculate the remainder when 2267322 is divided by 39771.
375
Calculate the remainder when 2606598 is divided by 3822.
3816
Calculate the remainder when 460302 is divided by 7192.
14
Calculate the remainder when 79591 is divided by 15915.
16
Calculate the remainder when 15638093 is divided by 4639.
24
Calculate the remainder when 3507036 is divided by 219188.
28
What is the remainder when 56239 is divided by 12977?
4331
What is the remainder when 204624 is divided by 5382?
108
What is the remainder when 468002597 is divided by 434?
433
Calculate the remainder when 1249187 is divided by 1326.
95
What is the remainder when 80385 is divided by 7302?
63
Calculate the remainder when 374470 is divided by 93614.
14
What is the remainder when 884962 is divided by 3798?
28
Calculate the remainder when 12402 is divided by 11901.
501
Calculate the remainder when 17840924 is divided by 825.
299
Calculate the remainder when 15702581 is divided by 130.
11
What is the remainder when 367940 is divided by 3270?
1700
What is the remainder when 292543 is divided by 703?
95
What is the remainder when 14444411 is divided by 9?
5
Calculate the remainder when 8580 is divided by 3755.
1070
What is the remainder when 177332934 is divided by 724?
718
What is the remainder when 7213156 is divided by 153?
124
What is the remainder when 15338 is divided by 7520?
298
Calculate the remainder when 3542651 is divided by 7838.
7713
What is the remainder when 2932367 is divided by 59?
8
What is the remainder when 265630 is divided by 3241?
3109
What is the remainder when 2251874 is divided by 375288?
146
Calculate the remainder when 1533743 is divided by 7707.
50
Calculate the remainder when 327246 is divided by 477.
24
Calculate the remainder when 769266 is divided by 2735.
731
Calculate the remainder when 180597 is divided by 107.
88
What is the remainder when 44220314 is divided by 79?
64
What is the remainder when 18431615 is divided by 347766?
17
Calculate the remainder when 2855354 is divided by 1026.
1022
Calculate the remainder when 14425 is divided by 2536.
1745
Calculate the remainder when 15021 is divided by 1063.
139
What is the remainder when 10852 is divided by 9774?
1078
Calculate the remainder when 44413559 is divided by 45.
44
Calculate the remainder when 57336 is divided by 1192.
120
What is the remainder when 23169 is divided by 703?
673
Calculate the remainder when 67099291 is divided by 696.
19
What is the remainder when 73741620 is divided by 1061?
1059
Calculate the remainder when 19293036 is divided by 2854.
2850
Calculate the remainder when 2405096 is divided by 150.
146
Calculate the remainder when 20134964 is divided by 449.
8
Calculate the remainder when 3747100 is divided by 5050.
0
What is the remainder when 6130 is divided by 2009?
103
Calculate the remainder when 4685862 is divided by 2718.
30
Calculate the remainder when 12437 is divided by 9482.
2955
What is the remainder when 963983 is divided by 48?
47
Calculate the remainder when 58199 is divided by 1929.
329
Calculate the remainder when 225854 is divided by 75255.
89
What is the remainder when 1498070 is divided by 1716?
2
Calculate the remainder when 8808784 is divided by 281.
277
Calculate the remainder when 2059634 is divided by 18.
2
What is the remainder when 47846 is divided by 9567?
11
What is the remainder when 1459232400 is divided by 6743?
6742
Calculate the remainder when 164450857 is divided by 54816947.
16
What is the remainder when 1